ase 13) to base 11
-279a22
-232004232 (base 5) to base 6
-34241134
-2167f (base 16) to base 5
-13334311
-3519 (base 15) to base 13
-5193
11552302 (base 6) to base 11
234951
What is -110211101110 (base 3) in base 8?
-755144
Convert 2c2bc0 (base 13) to base 10.
1091727
-126de3 (base 15) to base 4
-3113310231
-148091 (base 10) to base 12
-7184b
Convert 320021213 (base 4) to base 15.
4822b
Convert 1301023411 (base 5) to base 12.
10765b0
Convert -75abad (base 14) to base 16.
-3cd4a5
96352 (base 11) to base 4
202032033
What is 6656601 (base 7) in base 11?
51099a
-110120120101210 (base 3) to base 8
-31376163
Convert c3226 (base 15) to base 6.
21125343
-151384 (base 11) to base 4
-321220022
What is 1c0e3 (base 16) in base 2?
11100000011100011
What is -2021541 (base 6) in base 10?
-96325
21221022020 (base 3) to base 13
56157
What is -205121510 (base 6) in base 14?
-69b214
-162346151 (base 7) to base 5
-10304103100
32523143 (base 7) to base 12
b29b95
Convert 36132 (base 14) to base 9.
221003
309528 (base 11) to base 8
1710227
Convert 247aa (base 13) to base 15.
14dc3
-10142976 (base 10) to base 7
-152133234
Convert 1123401034 (base 5) to base 10.
2559519
What is -2d4e9 (base 15) in base 7?
-1146240
-1544301 (base 6) to base 8
-263055
Convert 189a8f (base 16) to base 8.
6115217
134133a (base 13) to base 10
6057685
Convert -3001032310 (base 4) to base 13.
-21933a
What is 17026 (base 15) in base 6?
1331530
What is -1924481 (base 13) in base 8?
-37324201
Convert -100010010001010110110 (base 2) to base 12.
-461a72
Convert 100000101010110101100 (base 2) to base 11.
67131a
2023312010 (base 4) to base 15
b4abe
3421231 (base 6) to base 13
61255
What is -dbb619 (base 14) in base 10?
-7445671
What is 1739c (base 16) in base 15?
1d2c2
What is -2102609 (base 10) in base 16?
-201551
What is 21010200212 (base 3) in base 10?
140477
-15565456 (base 7) to base 14
-2b512d
-216784 (base 9) to base 3
-20120212211
-a82dd4 (base 15) to base 7
-125033521
98bc99 (base 13) to base 12
125533a
-414167 (base 9) to base 15
-4cc7a
What is -1002120121202 (base 3) in base 4?
-2032020302
Convert -1228023 (base 9) to base 12.
-282a56
What is -11615642 (base 7) in base 9?
-1864438
Convert 2630306 (base 8) to base 11.
461001
What is 235570 (base 8) in base 13?
2a9b4
What is -15a529 (base 11) in base 16?
-3c98a
33846088 (base 9) to base 10
16446320
What is -7ba0a0 (base 15) in base 7?
-101126553
What is -565782 (base 11) in base 6?
-31145513
-269b10 (base 13) to base 9
-1675352
-119b962 (base 14) to base 9
-16801486
-b1a1 (base 14) to base 16
-7739
What is -45755 (base 9) in base 2?
-111011100101010
What is -20222000221001 (base 3) in base 6?
-211154344
Convert -2110534 (base 6) to base 4.
-121002322
-9a1b (base 13) to base 6
-243251
Convert -b209b (base 13) to base 12.
-134519
What is -74c807 (base 13) in base 4?
-22131030122
What is -5620303 (base 7) in base 14?
-140d03
What is -11740880 (base 9) in base 10?
-5754717
5b11d (base 16) to base 13
100a2c
37521 (base 9) to base 14
928a
-3a22 (base 12) to base 13
-3047
111202 (base 3) to base 8
563
2101330032 (base 4) to base 15
bc1b9
2020001211 (base 3) to base 11
2a999
What is -114432240 (base 6) in base 3?
-11002211201120
10121100112001 (base 3) to base 2
111010011110100011111
Convert -145543640 (base 7) to base 13.
-2031428
2301202412 (base 5) to base 13
1097682
Convert 2016244 (base 7) to base 3.
110012001201
-3617362 (base 11) to base 13
-13c9cc1
302034431 (base 5) to base 12
4a1840
Convert 1db868 (base 15) to base 6.
51115055
-66350103 (base 8) to base 3
-222212020002220
-23000030212 (base 4) to base 12
-b7125a
What is -230c29 (base 13) in base 11?
-517928
-690d7 (base 14) to base 6
-5250153
27eb81 (base 16) to base 12
a62001
What is dd03b (base 16) in base 5?
212432100
What is 71571 (base 9) in base 7?
254251
What is 24330311 (base 5) in base 12?
b1195
Convert 493457 (base 10) to base 14.
cbb8d
-2212123300 (base 4) to base 14
-13a61a
Convert -101100100011011101010 (base 2) to base 10.
-1459946
What is -143860 (base 11) in base 15?
-46862
Convert 153182 (base 9) to base 12.
46618
Convert 691983 (base 12) to base 8.
6326463
-140738 (base 9) to base 10
-85895
What is -871666 (base 12) in base 4?
-20022011232
Convert -134414230 (base 5) to base 16.
-ab306
What is 2210eb (base 15) in base 3?
10001111011012
-51539 (base 10) to base 14
-14ad5
What is -2000100120011 (base 3) in base 14?
-1dbc60
Convert -253a446 (base 11) to base 12.
-1585a28
Convert 16846184 (base 9) to base 8.
40250236
1121132300 (base 4) to base 6
11504452
Convert 5c07c5 (base 14) to base 5.
1301323112
-34015415 (base 7) to base 9
-5478472
105613 (base 8) to base 6
433215
What is -223231333 (base 4) in base 13?
-63679
What is -1138370 (base 9) in base 11?
-391053
-1322506 (base 11) to base 16
-22e6a5
Convert -362043 (base 9) to base 8.
-651632
-12100113132 (base 4) to base 5
-404434102
What is 332480 (base 10) in base 16?
512c0
24426120 (base 7) to base 4
20113013121
What is 11121112112 (base 3) in base 12?
44658
101731 (base 12) to base 16
3d6d5
2524034 (base 7) to base 6
10551032
Convert 522b5 (base 12) to base 16.
1a429
-6056343 (base 12) to base 4
-1010301331203
-7971 (base 13) to base 6
-210400
What is -212231130 (base 4) in base 2?
-100110101101011100
What is -359902 (base 11) in base 8?
-2130124
-101110111111001001 (base 2) to base 16
-2efc9
-978a0c (base 14) to base 12
-1876770
What is 111011010111100110 (base 2) in base 11?
156778
What is 71020 (base 12) in base 15?
2d7d9
What is -301154 (base 6) in base 9?
-35347
-1110031031 (base 4) to base 7
-2634365
Convert -14c398 (base 14) to base 5.
-141201023
Convert -12001002021111 (base 3) to base 9.
-5032244
15206500 (base 7) to base 3
2201112212201
-15022330 (base 7) to base 10
-1417444
What is 181175 (base 12) in base 4?
1211232221
What is 221220021112002 (base 3) in base 11?
7851027
What is 11153550 (base 7) in base 5?
222040223
What is 12345513 (base 6) in base 3?
202110212000
What is -128b3 (base 15) in base 12?
-2a413
What is 33201244 (base 5) in base 11?
187175
Convert -132331312 (base 4) to base 12.
-6149a
-20201102100020 (base 3) to base 15
-4a8096
-14097656 (base 10) to base 2
-110101110001110011111000
What is -5d510 (base 14) in base 11?
-146951
What is 351421 (base 9) in base 7?
1536142
Convert -1791934 (base 10) to base 15.
-255e24
110111100000011010 (base 2) to base 16
3781a
Convert -3ac302 (base 15) to base 5.
-1210404202
-56399 (base 11) to base 13
-2b229
Convert -6e408 (base 16) to base 11.
-289319
Convert 1001230130 (base 5) to base 8.
7425123
Convert 19073571 (base 10) to base 4.
1020300220203
Convert 242210 (base 7) to base 16.
abe9
What is -2985479 (base 11) in base 16?
-4e1406
What is 31746363 (base 8) in base 9?
13717457
What is -13232100220 (base 4) in base 16?
-1ee428
5bb21 (base 13) to base 11
105958
What is 101221120122 (base 3) in base 2?
110100100110110101
9cbe6 (base 15) to base 14
cdada
Convert -3354452 (base 6) to base 7.
-1311002
4728308 (base 9) to base 14
4a8488
-324402202 (base 5) to base 10
-1403427
What is -66a858 (base 15) in base 10?
-4895633
Convert 241424414 (base 5) to base 11.
6a8307
Convert -1799070 (base 11) to base 14.
-592c2b
What is 22323122 (base 4) in base 3?
2021101212
What is -110100011001110 (base 2) in base 11?
-19181
What is 291bb (base 12) in base 11?
3a071
20511412 (base 8) to base 5
2104104033
-11100111010101 (base 2) to base 13
-697b
What is -6573a (base 14) in base 8?
-737610
Convert 2032230121 (base 4) to base 15.
b829d
Convert ba22b (base 15) to base 14.
1155c8
39a1827 (base 11) to base 7
112521112
What is 126464 (base 9) in base 8?
226177
What is 1001100101000101 (base 2) in base 4?
21211011
What is 78868 (base 11) in base 10?
114177
What is 1655 (base 11) in base 4?
201011
2415410 (base 7) to base 11
19a5a0
What is 27485135 (base 9) in base 3?
221112212011012
-10010100110111000000001 (base 2) to base 4
-102212320001
What is 1578607 (base 9) in base 6?
30501054
Convert 4336512 (base 7) to base 12.
217030
Convert 1110001011 (base 2) to base 11.
755
What is 23608 (base 9) in base 7?
64034
Convert -7715420 (base 8) to base 15.
-2adac7
Convert 33262 (base 10) to base 5.
2031022
-213134433 (base 5) to base 14
-19a456
Convert -2334031444 (base 5) to base 14.
-9